y = -23 - -24. Let d(w) = -8*w**2 + w - 1. Calculate d(y).
-8
Let y(p) = 2*p + 14. Let r be y(-10). Let t(h) = 2*h - 4. Give t(r).
-16
Let y(w) = 6*w**2 - 1. Let x be y(1). Let m(f) = 2*f - 2. What is m(x)?
8
Let f(i) be the first derivative of 3*i**2/2 - 4*i - 14. Determine f(-6).
-22
Let n(b) = -4*b - 2*b**2 + 4*b**2 + 3 + 0*b**2. Let l be (10 + -14)*(-2)/4. Calculate n(l).
3
Let u(j) = j + 7. Let q(a) = a**3 + 9*a**2 + 5*a + 6. Let w be q(-8). Suppose -6*i = -i + w. Give u(i).
1
Let t(w) = 3 + 11*w**2 - 26*w**2 + 1 - 3. Let n = 3 - 4. Give t(n).
-14
Let c(v) = 5*v**2. Let z be 9 + -8 - (-1 + 0). Suppose z*j + 0*j = 4*a + 6, j - 5*a = 6. Calculate c(j).
5
Let a be ((-6)/8)/((-4)/(-8)*-3). Let u(m) be the third derivative of 0 - a*m**3 + 0*m - m**2 - 1/8*m**4. Determine u(-2).
3
Suppose -3*f + 16 = 31. Let m(j) = j**3 + 6*j**2 + 5*j + 5. Calculate m(f).
5
Let o(p) = 2*p - 5. Let f be o(4). Let t(j) = -2*j - 1. Let i(l) = l. Let h(d) = -4*i(d) - t(d). Calculate h(f).
-5
Let m = -10 - -15. Let j(n) = -n - 3. Let u(o) = -6*o - 15. Let g(c) = -11*j(c) + 2*u(c). Calculate g(m).
-2
Let v = 3 + -2. Let x(l) = -2*l + 0*l - 7 + v. Let y be (-4)/26 + (-76)/13. Calculate x(y).
6
Let p(x) = 0 + x + 4*x - x**2 - 1. Determine p(4).
3
Let o(w) = -w + 6. Let z = 6 + -4. Let c(b) = 3*b. Let h be c(z). What is o(h)?
0
Let t(m) = m**2 + 8*m + 6. Let a be (-1 + -1 + -5)/1. Give t(a).
-1
Let z(i) = 4 - 3 - i - i**2 - i + i. Give z(1).
-1
Suppose 72 = 4*h - 16*h. Let s(z) = 1 + 9 - 3 + z. What is s(h)?
1
Let r(p) = -p**2 + 4*p - 6. Let o be r(4). Let g be o + 21 + -1 + 1. Suppose 5*f - 9 = -k, -2*k - g = -3*f + 2*f. Let y(a) = -a - 3. What is y(k)?
3
Let o(s) = 5 + 2*s**3 - 3*s**3 + 2 + s. Give o(0).
7
Let d(z) = 3*z + 1. Let n(v) = -10*v - 4. Let u(o) = -7*d(o) - 2*n(o). Let x(q) = -q**3 - 12*q**2 - 10*q + 5. Let m be x(-11). What is u(m)?
7
Let i(n) = -2*n**2 + 2 + 3*n - 3*n + 0*n - 2*n. What is i(3)?
-22
Let k(o) = o**2 + o - 1. Let l(q) = 2*q**2 - 6*q + 6. Let p(a) = 6*k(a) + l(a). Determine p(-1).
8
Suppose 0*r = 5*r + 4*w - 40, -2*r - 7 = -3*w. Suppose 0 = 2*o + r - 0. Let x(i) = -i**2 + 1. Determine x(o).
-3
Let n(u) = u**2 - 5*u. Let f be (1 + 1 - 2) + -9. Let s = f - -13. Suppose 5*r + 3 = 2*r, -s*p - 5*r + 19 = 0. What is n(p)?
6
Suppose b = 8 + 8. Suppose 2*p + 3*s + 0 = 10, 3*s - b = 4*p. Let y(f) = 4*f - 1 + 5*f - 2*f. Give y(p).
-8
Let w(v) = 8*v**3 + 5*v**2 + 3*v + 1. Let n(a) = -3*a**3 - 2*a**2 - a. Let y(q) = 11*n(q) + 4*w(q). What is y(-3)?
10
Let t be (-1)/4 - 14/8. Suppose 3*r = -0*r + 6. Let a be t/(-2) - r/(-2). Let h(m) = -m**2 - 2*m + 2. Calculate h(a).
-6
Suppose 2*a - 4*a - 3*o = 12, 2*o + 8 = a. Let v(l) = -l**2 + l - 3. Determine v(a).
-3
Suppose 2*u + 12 = 5*u. Let m(i) = 5*i**2 + 4*i**3 - 4*i - u*i**2 - 3*i**3 - 1 - 3*i**2. Suppose 0 = k + k - 6. Determine m(k).
-4
Let k(y) = y**3 - 2*y**2 + 2*y - 3. Let n(j) = -j - 2. Let s be n(3). Let q(o) = 2*o**3 - 5*o**2 + 5*o - 6. Let h(l) = s*k(l) + 3*q(l). What is h(3)?
-6
Let k(a) be the third derivative of a**4/12 - 3*a**3/2 - 45*a**2. Calculate k(7).
5
Suppose 0 = -3*v - y + 4, 5*v = -2*y + 14 - 7. Let i(d) = 1 + d - d - 8*d**2. Determine i(v).
-7
Let a(m) = -m**3 - 2*m**2 + 4*m - 3. Let s be a(2). Let j = -5 - s. Let y = 2 - j. Let k(q) = q - 1. What is k(y)?
-5
Let c(p) = 5*p**2 + 4*p - 7. Let v(f) = -4*f**2 - 4*f + 6. Let a(k) = -3*c(k) - 4*v(k). Suppose -3*q + 16 - 4 = 0. Suppose -q = -d + 2*d. Give a(d).
-3
Let q(t) = t + 1. Let s be q(-6). Suppose 2*w = -2*k + 6, w - 7*k + 2 = -3*k. Let m(z) = -w*z + 4*z - z + 9. What is m(s)?
4
Let h(v) be the second derivative of v**6/120 - v**5/60 + v**3/3 - 2*v**2 + v. Let n(x) be the first derivative of h(x). Give n(2).
6
Let w(f) = -f - 13. Let j be w(-8). Let z(q) = q**2 + 5*q - 6. What is z(j)?
-6
Let q = 4 + -3. Let h(w) = 1. Let c(x) = 3*x + 3. Let l(p) = q*c(p) - 3*h(p). What is l(-1)?
-3
Let p(y) = 0*y - 1 + y + 0*y + 3. Suppose 0 = -0*s - 2*s + 10. Calculate p(s).
7
Let h(x) = -9*x**3 + 4 - 6*x**3 - 5 + 3*x**2 - x + 14*x**3. Suppose -4*o + 14 = -p, -5*p - 2*o + 13 + 5 = 0. Give h(p).
1
Let v(u) = u**3 - 3*u**2 - 4*u + 3. Suppose -2*y = y + 2*h - 3, 4*h + 15 = y. Give v(y).
-9
Let s(g) = -g - 1. Let b = 24 - 24. Determine s(b).
-1
Let n(r) be the first derivative of r**3/3 + r**2/2 - r - 12. Determine n(1).
1
Let t(l) = -l**2 + l - 1. Let o(q) = q - 3. Let i be o(3). Determine t(i).
-1
Let f = 5 + -3. Suppose -w - 2*w - 16 = -u, -f*w - 14 = u. Let a = w + 2. Let t(h) = h**3 + 5*h**2 + h - 4. Determine t(a).
8
Suppose t + 0 = 1. Let o(m) = t + 2*m - 2*m + 3*m. Give o(1).
4
Let k(w) = -7*w**3 + w**2 + 2*w + 1. Let n be ((-2)/(-4))/(1/36). Suppose -2 = -4*l + 2*y, 3*l + 5*y + n = -0*y. Give k(l).
7
Let r = 6 + -4. Let l(z) = -3*z - 3 - z**3 + 9*z**r + z - 4*z**2. Suppose 2*x = a + 9, 0*x - 5*x - 3*a + 17 = 0. What is l(x)?
5
Suppose 22 = 2*t - 5*o, -4*t = 2*o + 2 + 2. Let s(m) = 3 - 3 - 3*m**2 - 2*m + t. Calculate s(-2).
-7
Let g(v) = v**3 - 4*v**2 + 4*v - 3. Suppose 0 = 5*k - a - 22, -4*k - 3*a = -0*a - 29. Let r(y) = 2*y - 7. Let b be r(k). Suppose -b*n + 15 = 2*n. What is g(n)?
0
Let c = 16 + -10. Let r(t) = 6 - 3*t + c*t - 2*t + 0*t. Calculate r(-5).
1
Let w(p) be the first derivative of -3/2*p**2 + 3 + 1/3*p**3 - 2*p. What is w(3)?
-2
Suppose 0*k + 5*k + q = 13, 3*q = -3*k + 15. Let m = -3 + 5. Let c be (-2)/(m/6*k). Let g(v) = -v**3 - 5*v**2 - 3*v - 2. Give g(c).
-11
Let v(b) be the second derivative of b**5/20 + b**4/6 - b**3/3 - 3*b**2/2 + 26*b. What is v(-2)?
1
Let l be 2/3 - 13/(-3). Let w(u) = u**2 + u. Let x be ((-3)/(-12))/(1/4). Let i(c) = -6*c**2 + 2. Let t(d) = x*i(d) + 5*w(d). What is t(l)?
2
Let x(b) = -2*b + b - b**3 - 59*b**2 + 62*b**2 + 6*b - 1. Let p = -15 - -10. Let d = 9 + p. Calculate x(d).
3
Let k(j) = -14*j**3 + 4*j**2 - 9*j - 23. Let z(w) = 5*w**3 - w**2 + 3*w + 8. Let h(v) = -4*k(v) - 11*z(v). Let q = -2 - -6. Determine h(q).
0
Let s(k) be the third derivative of k**4/12 + 5*k**3/6 - k**2. Let b be (-21)/12*(-36)/42*-4. What is s(b)?
-7
Let f(g) be the first derivative of 2*g**2 + 4*g - 9. Suppose -5*i + 4*i = 3. Determine f(i).
-8
Let a(h) = -h**3 + 6*h**2. Let w be 3/4 + 26/8. Suppose -2 = -3*k - 0*g - w*g, -k - g + 2 = 0. Determine a(k).
0
Let z(v) = -3*v + 1. Let l be z(1). Let w = l + -2. Let k(m) be the first derivative of m**4/4 + m**3 - 5*m**2/2 - 5*m + 1. Give k(w).
-1
Let k(c) = -c**3 + c**2 + c. Let p(f) = -f**3 + 4*f**2 + 2*f + 1. Let m(a) = 3*k(a) - p(a). Give m(1).
-3
Suppose 10 = -4*h + 9*h. Suppose -y - h*y = 9. Let f(o) = -o**2 - 5*o - 2. Give f(y).
4
Let s(t) be the third derivative of -t**6/120 - t**5/12 + 7*t**4/24 + 7*t**3/6 + 2*t**2. Give s(-6).
1
Let g(c) be the second derivative of c**5/20 + 5*c**4/12 + 2*c**3/3 + c**2/2 - 2*c. Let m = -25 - -45. Let l be (-30)/(-25)*m/(-6). Give g(l).
1
Let s(w) = 3*w. Suppose -2*z + 5*z = 0. Suppose o + z = 3. Give s(o).
9
Let d(l) = 3*l**3 - 4*l**2 + 4*l - 3. Let j(u) = -13*u**3 + 16*u**2 - 16*u + 12. Let x(c) = 9*d(c) + 2*j(c). Determine x(2).
-3
Let b(d) = -3*d + 1. Let o be (-3)/5 + (-4)/10. What is b(o)?
4
Suppose -17 + 1 = 4*x. Let w(v) = -v**2 + 0*v**2 + 5 + v**3 + 7*v + 7*v**2. Calculate w(x).
9
Let u(i) = 0 - 1 + 2 - i. Let z(j) = 0*j**2 + 12 + j**2 + 11*j - 2*j**2. Let l be z(12). Calculate u(l).
1
Let t(o) = 2*o**2 - 1 - 3*o**2 + 6*o + 5*o. What is t(11)?
-1
Let p be (-1 + 3)*1/(-2). Let s(h) be the second derivative of 1/12*h**4 - 3*h + 1/20*h**5 + 0 + 1/3*h**3 + 1/2*h**2. Determine s(p).
-1
Let a = -3 + 6. Let g be -1*(-12)/(3 + 1). Let f(k) = 5*k**g - 12*k**3 - 3*k**2 + 8*k**3 - 3 + 3*k. What is f(a)?
6
Let j(w) be the third derivative of -w**4/24 + w**3/6 - w**2. Determine j(4).
-3
Let p be 2 + (-3)/(-2 + -1). Let j(h) = h**2 - h. Let v(n) = 2*n**2 - n. Let c(d) = p*v(d) - 2*j(d). What is c(-1)?
5
Let z(f) = f + 2. Let h = 12 - 8. Suppose -4*r = 2*v - 7*v - 61, 4*v - h*r = -52. Let j(i) = 2*i + 5. Let y(k) = v*z(k) + 4*j(k). What is y(-2)?
4
Let k(m) = -2*m**3 - 4*m - 7. Let p(d) = -3*d**3 - d**2 - 8*d - 13. Let r = 20 + -17. Let o(v) = r*p(v) - 5*k(v). Calculate o(4).
-4
Let s(j) = j**3 - 6*j**2 + 4*j. Let x(y) = 4*y + 4. Let p be x(4). Suppose 5*h + p = h, 5*d + h - 20 = 0. Determine s(d).
-5
Let l(o) = -5 - 4*o**3 - 4 + 5*o**3 - o*